Calculate the highest common divisor of 4 and l.
4
Let n = -1045 - -1065. Let u(m) = -161*m - 1. Let r be u(-1). Calculate the greatest common divisor of r and n.
20
Let d be (9/2)/(-1 + 9/6). What is the greatest common divisor of 603 and d?
9
Let m(b) = 88*b**2 + 23*b - 22. Let c be m(1). What is the greatest common factor of c and 1424?
89
Let k be ((-68)/(-12))/(1/(-9)). Let t = k - -66. What is the highest common divisor of t and 135?
15
Let t = -54 + 61. Suppose t*u = -26 + 124. What is the greatest common divisor of 21 and u?
7
Suppose -5*s - 110 + 300 = 0. Suppose -3*c + 4*o + s = 0, 4*c + o - 11 = 8. Calculate the greatest common divisor of c and 6.
6
Let w(f) = -f**3 + 12*f**2 - 21*f + 12. Let l = 50 - 40. Let k be w(l). Calculate the greatest common divisor of 32 and k.
2
Let s = 163 + -106. What is the greatest common factor of s and 513?
57
Let v = -52 + 56. Suppose 37 = y - 4*k + 9, -y + v = 4*k. What is the highest common factor of 48 and y?
16
Suppose 3*d = 7*d - 396. Let v be (7282/993)/(2/18). Calculate the greatest common factor of v and d.
33
Suppose -5*k + 25 = -3*w - 2*w, 2*k = -3*w. Suppose 3*a - 4*a + 33 = k*m, -4*m = -a - 2. What is the greatest common divisor of a and 3?
3
Suppose 0 = 5*u - 25, 0 = s - 7*u + 4*u + 231. Let r = -76 - s. Let l = 52 + -32. Calculate the greatest common divisor of l and r.
20
Let s(v) = -v + 2 - 19*v**2 + 3 + 15*v**2. Let x be s(-5). Let f = 223 + x. Calculate the greatest common divisor of f and 19.
19
Let m(f) = 2*f**3 + 55*f**2 + 22*f + 8. Let y be m(-27). What is the greatest common factor of 26 and y?
13
Let s be 2/((-39)/42 - -1). Let d be -3 + 71 + (-3 - -5). Calculate the highest common divisor of d and s.
14
Let r(l) = l**3 + 6*l**2 - l - 4. Let u be r(-6). Let z be u + -4 - 1*-18. Let h be (-224)/560*(-3)/(3/10). Calculate the greatest common divisor of z and h.
4
Let q be 1120/(-25)*(0 - 5). Suppose -2*y - q = -9*y. Let f be y/20*(-100)/(-8). Calculate the highest common divisor of f and 160.
20
Suppose 5*z - 1578 = -0*z + a, 0 = -2*z - 3*a + 621. What is the greatest common factor of 189 and z?
63
Let b(m) = 13*m**2 + m - 4. Let x be b(-4). Calculate the highest common factor of 75 and x.
25
Let q(k) = k**3 + 13*k**2 + 2*k + 34. Let c be q(-13). Calculate the highest common divisor of 8 and c.
8
Let x = 364 + -254. What is the highest common factor of 132 and x?
22
Let b(g) = 2*g**2 + 33*g - 12. Let s be b(-17). Suppose s*l - 42 = 2*l. Let x = -23 + 58. What is the greatest common divisor of l and x?
7
Suppose 4*o + 0*o = 44. Suppose 694 = 12*d - 230. Calculate the highest common factor of o and d.
11
Suppose 702 + 334 = 4*x. Calculate the greatest common factor of 148 and x.
37
Let q(l) = l**3 + 3*l**2 - 9*l + 27. Let k be q(-5). Let x = 40 - -202. What is the greatest common factor of x and k?
22
Let c = 15 + 21. Suppose -4*z + 2*y + 50 = 0, 5*z + 2*y + 28 - 86 = 0. What is the greatest common factor of z and c?
12
Let g = -407 - -1607. Calculate the highest common factor of 50 and g.
50
Suppose 0 = 3*d + 8*d - 880. What is the greatest common factor of d and 880?
80
Let l(d) be the second derivative of 2*d**3/3 - 6*d**2 + 8*d. Let h be l(4). What is the highest common factor of 20 and h?
4
Suppose 59 - 8 = -4*f + 5*k, -2*f + 3*k = 25. Suppose 108 = 12*g - 6*g. Let o = g + f. Calculate the greatest common divisor of o and 4.
4
Suppose -19*b = -68 - 27. What is the highest common divisor of 5 and b?
5
Suppose 0 = 3*h + 6, 710 + 822 = 2*u + h. Calculate the greatest common divisor of 13 and u.
13
Suppose -9 - 12 = -4*l - 5*k, 0 = 4*l - 3*k + 19. Let g be l/(-3) + 33/9. Let a(n) = 2*n + 12. Let u be a(-5). Calculate the greatest common divisor of u and g.
2
Let d be 2/8 + (-15969)/(-12). Suppose -5*t = 2*r - 954 - d, -t + 5*r + 457 = 0. Let a = t + -270. What is the greatest common factor of 17 and a?
17
Let w be 112/32*(-216)/(-14). What is the greatest common divisor of 81 and w?
27
Let j be 504/(-90) + 2/(-5) + 1766. Calculate the greatest common divisor of 55 and j.
55
Let j(u) be the third derivative of u**4/6 - 8*u**3/3 + 4*u**2. Let a be j(5). Calculate the highest common divisor of a and 12.
4
Let j(d) = 5*d + 8*d**2 - 7 + 1 + 78*d**2 - 4*d**2. Let p be j(1). Calculate the highest common divisor of 9 and p.
9
Suppose 4*a = 6*a - 478. Suppose 2*g = 5*t - 996, -4*t + 3*g = -562 - a. Calculate the highest common factor of 18 and t.
18
Suppose 37*a - 5580 = 25*a. What is the highest common factor of a and 30?
15
Let d = 10 + -8. Let l be 2 + -1 + d*1. Suppose -3*h = -l*w + 45, 4*h = w + h - 13. What is the highest common factor of 8 and w?
8
Let u be (448/96)/(1/96). What is the greatest common divisor of 14 and u?
14
Let i(r) = 2*r**2 - 8*r - 1. Let o be i(6). Suppose o + 12 = -l. Let c = l + 36. Calculate the highest common divisor of 11 and c.
1
Let y = 32 - 7. Let i = y - 6. Let v = 585 + -414. What is the greatest common divisor of i and v?
19
Suppose -2*f = f - 6. Suppose -2*b - 4*p = -f*p - 66, 0 = 2*b - 4*p - 48. Let m be (4/(-3))/((-20)/b). Calculate the highest common factor of m and 14.
2
Let u(c) = -4*c**3 - 13*c**2 + 6*c - 10. Let z be u(-6). Suppose 16*a - z - 274 = 0. Calculate the highest common divisor of 195 and a.
39
Let y = -53 - -77. Suppose -3*n = 5*m - 211, n - 9*m - 76 = -5*m. Calculate the highest common divisor of y and n.
24
Let h be (-2)/3 + 44/(-6). Suppose 0 = 82*o - 77*o + 140. Let v = h - o. What is the highest common divisor of v and 160?
20
Let f = 0 + 6. Let o(i) = 10*i**3 + i + 18*i**3 - 4*i**2 + 17*i**3 - 43*i**3 + 2. Let u be o(2). Calculate the greatest common factor of u and f.
2
Let b be (12*-1)/((-2)/2). Suppose -m + 38 = -16*i + 19*i, 8*i = 4*m + 88. Calculate the highest common factor of b and i.
12
Let s(n) = -n + 10. Let a(j) = j + 1. Let g(h) = 2*a(h) + s(h). Let i be g(-11). Suppose -29 = -3*u + i. What is the highest common divisor of 30 and u?
10
Suppose -6 = -4*m + 10. Let u(k) = m - 4 + 2*k**3 - k - 6*k**2 - 5. Let y be u(5). What is the highest common factor of 36 and y?
18
Let n(u) = 2*u**2 + 37*u - 45. Let o be n(-20). What is the highest common factor of 915 and o?
15
Let o be 22 - (-3 + -1) - -2. Suppose -w + o = w. Calculate the greatest common factor of w and 42.
14
Let i = -4 - -14. Suppose 0 - i = -5*r. Let y = 7 - -7. What is the highest common divisor of y and r?
2
Let c = 35 - 1. Let x = 98 + c. What is the greatest common factor of x and 12?
12
Let i be (-2338)/(-4) + (3 - (-20)/(-8)). What is the highest common divisor of 90 and i?
45
Suppose 6*a + 2*a = 8. Let n be ((-15)/4)/(a/(-4)). Suppose -4*q = -3*o - 24, -5*q + 0*q + 27 = -3*o. Calculate the highest common divisor of n and q.
3
Suppose 3*t - 18 = 3*o, 3*t - 2*t = -4*o + 6. Suppose 3*f = t*f - 60. Suppose 2*s - 90 = -s. Calculate the highest common factor of f and s.
10
Let v(a) = 5*a**3 + 3*a**2 - 5*a + 4. Let o be v(4). Calculate the greatest common factor of 11 and o.
11
Suppose 214 - 277 = -3*f. Calculate the highest common divisor of f and 231.
21
Let g(k) = k**2 + 10*k + 8. Let r be g(-10). Suppose r*b - 33 = 5*b. What is the highest common divisor of b and 44?
11
Let q be 1*(3 + -4)*-25 - -5. Calculate the highest common divisor of q and 3630.
30
Let q(o) = -4*o + 5. Let p = -37 + 35. Let k be q(p). What is the greatest common factor of 13 and k?
13
Let h = 1932 + -1073. Let d = h - 551. Calculate the greatest common divisor of 28 and d.
28
Let p(w) = 3*w. Let c be p(1). Let f = 11 - c. What is the highest common factor of 4 and f?
4
Let z = 4 - 1. Suppose -45 = -z*y + 18. Suppose 2*r - t - 121 = 0, 0*r = 3*r - 5*t - 164. What is the highest common divisor of y and r?
21
Suppose 2*f - 6 = -5*i, -5*i + 9*i - 51 = 5*f. Let a be 42/(-5)*(f - (-5)/15). What is the greatest common divisor of a and 14?
14
Let a be (5/(-10))/((-2)/12). Suppose -2*r - 19 = -a. Let f = -4 - r. Calculate the greatest common factor of 4 and f.
4
Let v(q) = -50*q + 14. Let l be v(0). Calculate the highest common divisor of l and 21.
7
Suppose -2 = q - 27. Let y = q - 1. Calculate the highest common divisor of y and 120.
24
Suppose -3*t - 5*a = -85, 2*t = -4*a + 42 + 16. Suppose 0 = 3*s - 5*w - 290, 0*s + 4*s = w + 398. Calculate the highest common factor of t and s.
25
